ate the greatest common factor of 428 and 2033.
107
Calculate the highest common factor of 4 and 1196.
4
Calculate the highest common factor of 4544 and 8804.
284
What is the highest common divisor of 15 and 102615?
15
What is the greatest common divisor of 545 and 3?
1
What is the highest common factor of 51956 and 124?
124
What is the greatest common factor of 11 and 33?
11
Calculate the highest common divisor of 800 and 5.
5
What is the greatest common factor of 1062 and 33?
3
Calculate the highest common factor of 7 and 4788.
7
Calculate the highest common divisor of 81 and 10611.
81
Calculate the greatest common divisor of 13 and 832.
13
Calculate the greatest common factor of 9427 and 11.
11
Calculate the greatest common divisor of 235 and 141.
47
Calculate the greatest common factor of 423 and 162.
9
What is the greatest common divisor of 80 and 41600?
80
Calculate the highest common factor of 2766 and 2.
2
What is the greatest common divisor of 360 and 20?
20
Calculate the highest common factor of 124 and 1054.
62
What is the greatest common divisor of 3674 and 22?
22
Calculate the highest common factor of 1353 and 82.
41
What is the greatest common factor of 245 and 8477?
49
What is the greatest common factor of 171 and 1719?
9
Calculate the highest common factor of 40 and 1115.
5
What is the highest common divisor of 10 and 37070?
10
What is the greatest common divisor of 11 and 275?
11
What is the highest common divisor of 24 and 216?
24
Calculate the highest common divisor of 41 and 164.
41
Calculate the highest common divisor of 9 and 46611.
9
What is the highest common divisor of 4275 and 325?
25
What is the highest common factor of 33 and 88?
11
What is the highest common divisor of 236 and 4?
4
What is the greatest common factor of 60 and 40?
20
Calculate the greatest common factor of 520 and 65.
65
Calculate the highest common divisor of 10 and 790.
10
Calculate the highest common factor of 64 and 288.
32
Calculate the highest common divisor of 1066 and 208.
26
What is the greatest common factor of 76 and 36?
4
What is the highest common factor of 528 and 2196?
12
What is the highest common divisor of 12 and 1412?
4
Calculate the highest common factor of 21 and 7.
7
Calculate the greatest common factor of 284 and 4.
4
Calculate the highest common divisor of 44 and 3564.
44
Calculate the greatest common divisor of 102 and 136.
34
Calculate the highest common divisor of 3277 and 452.
113
Calculate the highest common divisor of 226 and 113.
113
What is the greatest common divisor of 55 and 23815?
55
What is the greatest common factor of 102 and 12?
6
What is the highest common divisor of 21465 and 530?
265
Calculate the highest common factor of 161 and 23.
23
What is the greatest common divisor of 70 and 35840?
70
What is the highest common divisor of 32804 and 236?
236
What is the highest common factor of 8141 and 7?
7
What is the highest common divisor of 392 and 147?
49
Calculate the highest common divisor of 35 and 98.
7
Calculate the highest common factor of 42 and 210.
42
What is the greatest common divisor of 8 and 3?
1
Calculate the greatest common factor of 1341 and 45.
9
Calculate the greatest common divisor of 3456 and 144.
144
Calculate the greatest common divisor of 38 and 323.
19
What is the highest common factor of 16 and 496?
16
Calculate the greatest common divisor of 266 and 2527.
133
Calculate the greatest common factor of 1519 and 14.
7
Calculate the greatest common factor of 112 and 272.
16
Calculate the greatest common factor of 40 and 1112.
8
What is the greatest common divisor of 2325 and 2775?
75
What is the highest common divisor of 2278 and 1474?
134
Calculate the greatest common factor of 12400 and 3600.
400
Calculate the greatest common divisor of 2896 and 16.
16
Calculate the highest common factor of 26 and 39.
13
What is the greatest common divisor of 2793 and 228?
57
Calculate the greatest common factor of 4601 and 258.
43
What is the highest common divisor of 324 and 8?
4
Calculate the greatest common factor of 574 and 35.
7
What is the highest common factor of 7665 and 245?
35
Calculate the highest common divisor of 15 and 795.
15
What is the highest common factor of 243 and 1053?
81
What is the highest common factor of 20 and 35?
5
What is the highest common factor of 391 and 493?
17
Calculate the highest common factor of 441 and 189.
63
What is the highest common divisor of 1507 and 22?
11
Calculate the greatest common divisor of 78 and 40638.
78
Calculate the highest common divisor of 4149 and 9.
9
Calculate the greatest common factor of 2668 and 644.
92
What is the greatest common factor of 87 and 52287?
87
Calculate the greatest common factor of 1512 and 2688.
168
Calculate the greatest common divisor of 9 and 26469.
9
What is the greatest common factor of 4185 and 62?
31
What is the greatest common factor of 6 and 15126?
6
What is the greatest common divisor of 598 and 690?
46
What is the highest common factor of 14 and 2366?
14
Calculate the greatest common divisor of 168 and 1064.
56
What is the greatest common factor of 228 and 1672?
76
Calculate the greatest common factor of 324 and 32724.
324
Calculate the greatest common divisor of 608 and 19.
19
Calculate the greatest common divisor of 22 and 979.
11
Calculate the greatest common divisor of 592 and 32.
16
What is the highest common divisor of 2 and 1693?
1
What is the greatest common divisor of 3003 and 286?
143
Calculate the highest common divisor of 9612 and 27.
27
Calculate the greatest common divisor of 4 and 191.
1
Calculate the greatest common factor of 19631 and 67.
67
Calculate the greatest common factor of 481 and 37.
37
What is the greatest common factor of 770 and 266?
14
What is the highest common divisor of 18 and 366?
6
What is the greatest common divisor of 144 and 6714?
18
Calculate the greatest common divisor of 136 and 102.
34
Calculate the greatest common factor of 2 and 242.
2
What is the highest common divisor of 165 and 345?
15
What is the greatest common divisor of 837 and 57?
3
What is the greatest common factor of 8020 and 20?
20
What is the greatest common divisor of 12522 and 6?
6
Calculate the greatest common factor of 64 and 8080.
16
What is the greatest common factor of 245 and 125?
5
Calculate the greatest common divisor of 205 and 10.
5
What is the highest common factor of 28 and 42?
14
What is the greatest common divisor of 26 and 1079?
13
What is the greatest common factor of 3 and 51?
3
Calculate the greatest common divisor of 2272 and 32.
32
Calculate the highest common factor of 40 and 1480.
40
What is the greatest common factor of 155 and 29605?
155
Calculate the highest common factor of 1316 and 28.
28
What is the greatest common divisor of 820 and 20?
20
Calculate the greatest common factor of 424 and 159.
53
Calculate the greatest common divisor of 12700 and 50.
50
Calculate the greatest common factor of 4008 and 6.
6
What is the highest common factor of 8 and 64?
8
Calculate the highest common factor of 2 and 314.
2
Calculate the greatest common factor of 845 and 65.
65
What is the greatest common factor of 35299 and 11?
11
What is the highest common divisor of 5 and 3235?
5
Calculate the greatest common factor of 72 and 240.
24
Calculate the highest common factor of 57 and 152.
19
Calculate the greatest common divisor of 54 and 54.
54
Calculate the highest common factor of 56 and 1568.
56
What is the greatest common factor of 408 and 6987?
51
Calculate the highest common factor of 70 and 1750.
70
Calculate the greatest common divisor of 20 and 236.
4
What is the greatest common factor of 53 and 583?
53
What is the highest common factor of 184 and 2944?
184
What is the greatest common divisor of 48 and 384?
48
What is the greatest common divisor of 19 and 19171?
19
What is the greatest common factor of 30 and 810?
30
What is the greatest common divisor of 10800 and 2000?
400
Calculate the highest common factor of 99 and 2277.
99
Calculate the greatest common factor of 20 and 1460.
20
Calculate the highest common divisor of 4845 and 456.
57
Calculate the greatest common divisor of 276 and 84.
12
What is the greatest common divisor of 117 and 98865?
117
Calculate the greatest common diviso